{"id":103,"date":"2025-09-17T08:51:16","date_gmt":"2025-09-17T08:51:16","guid":{"rendered":"https:\/\/humanlex.mxc.mx\/?page_id=103"},"modified":"2025-09-17T14:34:23","modified_gmt":"2025-09-17T14:34:23","slug":"paquetes-para-publico-en-general","status":"publish","type":"page","link":"https:\/\/humanlex.mxc.mx\/index.php\/paquetes-para-publico-en-general\/","title":{"rendered":"Paquetes para p\u00fablico en General"},"content":{"rendered":"\t\t<div data-elementor-type=\"wp-page\" data-elementor-id=\"103\" class=\"elementor elementor-103\" data-elementor-post-type=\"page\">\n\t\t\t\t\t\t<section class=\"elementor-section elementor-top-section elementor-element elementor-element-aa11a8c elementor-section-height-min-height elementor-section-content-middle elementor-section-boxed elementor-section-height-default elementor-section-items-middle\" data-id=\"aa11a8c\" data-element_type=\"section\" data-settings=\"{&quot;background_background&quot;:&quot;classic&quot;}\">\n\t\t\t\t\t\t\t<div class=\"elementor-background-overlay\"><\/div>\n\t\t\t\t\t\t\t<div class=\"elementor-container elementor-column-gap-no\">\n\t\t\t\t\t<div class=\"elementor-column elementor-col-100 elementor-top-column elementor-element elementor-element-ecbfe95\" data-id=\"ecbfe95\" data-element_type=\"column\">\n\t\t\t<div class=\"elementor-widget-wrap elementor-element-populated\">\n\t\t\t\t\t\t<div class=\"elementor-element elementor-element-6712664 elementor-widget__width-inherit elementor-invisible elementor-widget elementor-widget-elementskit-heading\" data-id=\"6712664\" data-element_type=\"widget\" data-settings=\"{&quot;_animation&quot;:&quot;fadeInUp&quot;}\" data-widget_type=\"elementskit-heading.default\">\n\t\t\t\t\t<div class=\"ekit-wid-con\" ><div class=\"ekit-heading elementskit-section-title-wraper text_center   ekit_heading_tablet-   ekit_heading_mobile-text_center\"><h3 class=\"elementskit-section-subtitle  \">\n\t\t\t\t\t\tHuman Lex Olvera\n\t\t\t\t\t<\/h3><h2 class=\"ekit-heading--title elementskit-section-title \">Paquetes para p\u00fablico en General<\/h2><\/div><\/div>\t\t\t\t<\/div>\n\t\t\t\t\t<\/div>\n\t\t<\/div>\n\t\t\t\t\t<\/div>\n\t\t<\/section>\n\t\t<div class=\"elementor-element elementor-element-7fac640 e-flex e-con-boxed e-con e-parent\" data-id=\"7fac640\" data-element_type=\"container\">\n\t\t\t\t\t<div class=\"e-con-inner\">\n\t\t<div class=\"elementor-element elementor-element-ff94546 e-con-full e-flex e-con e-child\" data-id=\"ff94546\" data-element_type=\"container\">\n\t\t<div class=\"elementor-element elementor-element-4d71c74 e-con-full e-flex e-con e-child\" data-id=\"4d71c74\" data-element_type=\"container\">\n\t\t\t\t<div class=\"elementor-element elementor-element-65b7baf elementor-widget elementor-widget-text-editor\" data-id=\"65b7baf\" data-element_type=\"widget\" data-widget_type=\"text-editor.default\">\n\t\t\t\t\t\t\t\t\t<p data-start=\"204\" data-end=\"517\">En <strong data-start=\"207\" data-end=\"227\">Human Lex Olvera<\/strong> entendemos que cada persona puede enfrentar situaciones legales que requieren atenci\u00f3n inmediata y profesional.<br data-start=\"339\" data-end=\"342\" \/>Por ello, hemos creado <strong data-start=\"365\" data-end=\"424\">paquetes jur\u00eddicos dise\u00f1ados para el p\u00fablico en general<\/strong>, con el objetivo de ofrecerte soluciones claras, accesibles y adaptadas a tus necesidades.<\/p><p data-start=\"519\" data-end=\"815\">Ya sea que necesites una <strong data-start=\"544\" data-end=\"566\">asesor\u00eda confiable<\/strong>, la <strong data-start=\"571\" data-end=\"624\">elaboraci\u00f3n de contratos y documentos importantes<\/strong>, o una <strong data-start=\"632\" data-end=\"681\">defensa integral en litigios y procedimientos<\/strong>, en cada paquete encontrar\u00e1s el respaldo de un equipo comprometido con proteger tus derechos y brindarte tranquilidad en cada paso.<\/p><p data-start=\"519\" data-end=\"815\">Ante\u00a0 ello, te\u00a0 ofrecemos los siguientes paquetes:<\/p><table><tbody><tr><td width=\"288\">Paquete<\/td><td width=\"288\">Incluye<\/td><\/tr><tr><td width=\"288\">\u00a01.- Asesor\u00eda Jur\u00eddica<\/td><td width=\"288\">&#8211; Consulta inicial con an\u00e1lisis de tu asunto<br \/>&#8211; Orientaci\u00f3n sobre opciones legales<br \/>&#8211; Costo fijo de asesor\u00eda <strong>$1,200.00 a $1,500.00 y con duraci\u00f3n de hasta una hora.<\/strong><\/td><\/tr><tr><td width=\"288\">\u00a02.- Contratos y Documentos<\/td><td width=\"288\"><p>&#8211; Contratos de compraventa, donaci\u00f3n, arrendamiento. Apartir de $1,500 a $2,500 por contrato, el costo se fija de conformidad con la complejidad del mismo.<br \/>&#8211; Protocolizaci\u00f3n de contratos, escrituras, inscripciones en el registro p\u00fablico, licencias o tr\u00e1mites municipales.<br data-start=\"1342\" data-end=\"1345\" \/><em data-start=\"1347\" data-end=\"1359\">Honorarios<\/em>: <strong>$3,000 \u2013 $6,000<\/strong><br \/>&#8211; Revisi\u00f3n y correcci\u00f3n de documentos <em data-start=\"1347\" data-end=\"1359\">Honorarios<\/em>: <strong>$3,000 \u2013 $6,000.<\/strong><\/p><p data-start=\"1380\" data-end=\"1630\"><strong data-start=\"1380\" data-end=\"1389\">Nota:<\/strong> Los honorarios se\u00f1alados corresponden \u00fanicamente a nuestros servicios profesionales. Los gastos notariales, registrales, impuestos, derechos y dem\u00e1s erogaciones necesarias para el tr\u00e1mite deber\u00e1n ser cubiertos directamente por el cliente.<\/p><\/td><\/tr><tr><td width=\"288\">\u00a03.- Litigio y Procedimientos<\/td><td width=\"288\">&#8211; Representaci\u00f3n en juicios civiles, familiares, laborales y administrativos<br \/>&#8211; Juicios de identidad de persona<br \/>&#8211; Amparo directo o indirecto<br \/>&#8211; Estrategia legal personalizada<em data-start=\"1146\" data-end=\"1158\">Honorarios<\/em>: Desde <strong>$10,000<\/strong><\/td><\/tr><\/tbody><\/table>\t\t\t\t\t\t\t\t<\/div>\n\t\t\t\t<\/div>\n\t\t\t\t<\/div>\n\t\t\t\t\t<\/div>\n\t\t\t\t<\/div>\n\t\t\t\t<section class=\"elementor-section elementor-top-section elementor-element elementor-element-bed192f elementor-section-height-min-height elementor-section-content-middle elementor-section-boxed elementor-section-height-default elementor-section-items-middle\" data-id=\"bed192f\" data-element_type=\"section\" data-settings=\"{&quot;background_background&quot;:&quot;classic&quot;}\">\n\t\t\t\t\t\t\t<div class=\"elementor-background-overlay\"><\/div>\n\t\t\t\t\t\t\t<div class=\"elementor-container elementor-column-gap-no\">\n\t\t\t\t\t<div class=\"elementor-column elementor-col-100 elementor-top-column elementor-element elementor-element-142ec10\" data-id=\"142ec10\" data-element_type=\"column\">\n\t\t\t<div class=\"elementor-widget-wrap elementor-element-populated\">\n\t\t\t\t\t\t<div class=\"elementor-element elementor-element-5b3413e elementor-widget__width-inherit elementor-invisible elementor-widget elementor-widget-elementskit-heading\" data-id=\"5b3413e\" data-element_type=\"widget\" data-settings=\"{&quot;_animation&quot;:&quot;fadeInUp&quot;}\" data-widget_type=\"elementskit-heading.default\">\n\t\t\t\t\t<div class=\"ekit-wid-con\" ><div class=\"ekit-heading elementskit-section-title-wraper text_center   ekit_heading_tablet-   ekit_heading_mobile-text_center\"><h3 class=\"elementskit-section-subtitle  \">\n\t\t\t\t\t\tManteng\u00e1monos en contacto.\n\t\t\t\t\t<\/h3><h2 class=\"ekit-heading--title elementskit-section-title \">\u00bfTienes alguna pregunta? <br> \u00a1Ponte en contacto con nosotros!<\/h2><\/div><\/div>\t\t\t\t<\/div>\n\t\t\t\t<div class=\"elementor-element elementor-element-3a0cbce elementor-align-center elementor-mobile-align-center elementor-widget__width-inherit elementor-widget-mobile__width-inherit elementor-widget elementor-widget-button\" data-id=\"3a0cbce\" data-element_type=\"widget\" data-widget_type=\"button.default\">\n\t\t\t\t\t\t\t\t\t\t<a class=\"elementor-button elementor-button-link elementor-size-md\" href=\"https:\/\/humanlex.mxc.mx\/index.php\/contacto\/\">\n\t\t\t\t\t\t<span class=\"elementor-button-content-wrapper\">\n\t\t\t\t\t\t<span class=\"elementor-button-icon\">\n\t\t\t\t<i aria-hidden=\"true\" class=\"icon icon-arrow-right\"><\/i>\t\t\t<\/span>\n\t\t\t\t\t\t\t\t\t<span class=\"elementor-button-text\">CONTACTO<\/span>\n\t\t\t\t\t<\/span>\n\t\t\t\t\t<\/a>\n\t\t\t\t\t\t\t\t<\/div>\n\t\t\t\t\t<\/div>\n\t\t<\/div>\n\t\t\t\t\t<\/div>\n\t\t<\/section>\n\t\t\t\t<\/div>\n\t\t","protected":false},"excerpt":{"rendered":"<p>Human Lex Olvera Paquetes para p\u00fablico en General En Human Lex Olvera entendemos que cada persona puede enfrentar situaciones legales que requieren atenci\u00f3n inmediata y profesional.Por ello, hemos creado paquetes jur\u00eddicos dise\u00f1ados para el p\u00fablico en general, con el objetivo de ofrecerte soluciones claras, accesibles y adaptadas a tus necesidades. Ya sea que necesites una [&hellip;]<\/p>\n","protected":false},"author":1,"featured_media":0,"parent":0,"menu_order":0,"comment_status":"closed","ping_status":"closed","template":"","meta":{"ocean_post_layout":"full-screen","ocean_both_sidebars_style":"","ocean_both_sidebars_content_width":0,"ocean_both_sidebars_sidebars_width":0,"ocean_sidebar":"0","ocean_second_sidebar":"0","ocean_disable_margins":"enable","ocean_add_body_class":"","ocean_shortcode_before_top_bar":"","ocean_shortcode_after_top_bar":"","ocean_shortcode_before_header":"","ocean_shortcode_after_header":"","ocean_has_shortcode":"","ocean_shortcode_after_title":"","ocean_shortcode_before_footer_widgets":"","ocean_shortcode_after_footer_widgets":"","ocean_shortcode_before_footer_bottom":"","ocean_shortcode_after_footer_bottom":"","ocean_display_top_bar":"default","ocean_display_header":"default","ocean_header_style":"","ocean_center_header_left_menu":"0","ocean_custom_header_template":"0","ocean_custom_logo":0,"ocean_custom_retina_logo":0,"ocean_custom_logo_max_width":0,"ocean_custom_logo_tablet_max_width":0,"ocean_custom_logo_mobile_max_width":0,"ocean_custom_logo_max_height":0,"ocean_custom_logo_tablet_max_height":0,"ocean_custom_logo_mobile_max_height":0,"ocean_header_custom_menu":"0","ocean_menu_typo_font_family":"0","ocean_menu_typo_font_subset":"","ocean_menu_typo_font_size":0,"ocean_menu_typo_font_size_tablet":0,"ocean_menu_typo_font_size_mobile":0,"ocean_menu_typo_font_size_unit":"px","ocean_menu_typo_font_weight":"","ocean_menu_typo_font_weight_tablet":"","ocean_menu_typo_font_weight_mobile":"","ocean_menu_typo_transform":"","ocean_menu_typo_transform_tablet":"","ocean_menu_typo_transform_mobile":"","ocean_menu_typo_line_height":0,"ocean_menu_typo_line_height_tablet":0,"ocean_menu_typo_line_height_mobile":0,"ocean_menu_typo_line_height_unit":"","ocean_menu_typo_spacing":0,"ocean_menu_typo_spacing_tablet":0,"ocean_menu_typo_spacing_mobile":0,"ocean_menu_typo_spacing_unit":"","ocean_menu_link_color":"","ocean_menu_link_color_hover":"","ocean_menu_link_color_active":"","ocean_menu_link_background":"","ocean_menu_link_hover_background":"","ocean_menu_link_active_background":"","ocean_menu_social_links_bg":"","ocean_menu_social_hover_links_bg":"","ocean_menu_social_links_color":"","ocean_menu_social_hover_links_color":"","ocean_disable_title":"default","ocean_disable_heading":"default","ocean_post_title":"","ocean_post_subheading":"","ocean_post_title_style":"","ocean_post_title_background_color":"","ocean_post_title_background":0,"ocean_post_title_bg_image_position":"","ocean_post_title_bg_image_attachment":"","ocean_post_title_bg_image_repeat":"","ocean_post_title_bg_image_size":"","ocean_post_title_height":0,"ocean_post_title_bg_overlay":0.5,"ocean_post_title_bg_overlay_color":"","ocean_disable_breadcrumbs":"default","ocean_breadcrumbs_color":"","ocean_breadcrumbs_separator_color":"","ocean_breadcrumbs_links_color":"","ocean_breadcrumbs_links_hover_color":"","ocean_display_footer_widgets":"default","ocean_display_footer_bottom":"default","ocean_custom_footer_template":"0","footnotes":""},"class_list":["post-103","page","type-page","status-publish","hentry","entry"],"_links":{"self":[{"href":"https:\/\/humanlex.mxc.mx\/index.php\/wp-json\/wp\/v2\/pages\/103","targetHints":{"allow":["GET"]}}],"collection":[{"href":"https:\/\/humanlex.mxc.mx\/index.php\/wp-json\/wp\/v2\/pages"}],"about":[{"href":"https:\/\/humanlex.mxc.mx\/index.php\/wp-json\/wp\/v2\/types\/page"}],"author":[{"embeddable":true,"href":"https:\/\/humanlex.mxc.mx\/index.php\/wp-json\/wp\/v2\/users\/1"}],"replies":[{"embeddable":true,"href":"https:\/\/humanlex.mxc.mx\/index.php\/wp-json\/wp\/v2\/comments?post=103"}],"version-history":[{"count":7,"href":"https:\/\/humanlex.mxc.mx\/index.php\/wp-json\/wp\/v2\/pages\/103\/revisions"}],"predecessor-version":[{"id":187,"href":"https:\/\/humanlex.mxc.mx\/index.php\/wp-json\/wp\/v2\/pages\/103\/revisions\/187"}],"wp:attachment":[{"href":"https:\/\/humanlex.mxc.mx\/index.php\/wp-json\/wp\/v2\/media?parent=103"}],"curies":[{"name":"wp","href":"https:\/\/api.w.org\/{rel}","templated":true}]}}